0*n = 5*i + 8. Let z be 2 + -2 - (i + 1). Calculate the highest common factor of z and c.
1
Suppose a - 59 = 1. What is the highest common divisor of 20 and a?
20
Suppose -4*l + 4*j = -80, 2*j = -3*l + 16 + 24. Suppose 0 = -r + 23 + 105. Calculate the highest common divisor of r and l.
16
Let k(m) = -m**3 + 5*m**2 - 3*m + 3. Let h be k(4). What is the greatest common divisor of h and 7?
7
Let k = 0 - 6. Let z = 10 + k. Let y = z - -8. Calculate the greatest common factor of 36 and y.
12
Let l(h) = 9*h. Let y be l(-1). Let g = -4 - y. Let m be 1 + 43 + 1/1. Calculate the greatest common divisor of g and m.
5
Suppose 2 = -3*w + 4*w. Let x be 66/(-6) + 2/2. Let l = x + 18. Calculate the highest common factor of w and l.
2
Let v be ((-25)/(-10))/((-1)/(-2)). Suppose 5*j - 7*j - 5*c = -38, 95 = 5*j + v*c. What is the highest common divisor of 171 and j?
19
Let f(h) = -3*h - 9. Let d be f(-6). Let c be (27/(-45))/((-4)/60). Calculate the greatest common divisor of d and c.
9
Suppose n + t - 7 = 0, -5*t + 2 = -3*n + 15. Let v(c) = c + 1. Let k be v(5). Calculate the highest common factor of k and n.
6
Let t(c) = 4*c**2 - 2*c + 1. Let o = -9 + 6. Let a be t(o). Suppose 5*x - 2 = a. What is the highest common divisor of x and 1?
1
Suppose -2*m + 840 = 2*m. Suppose h - m = -2*h. Suppose -7*l + 112 = -3*l. What is the highest common divisor of l and h?
14
Let g be (-807)/(-21) - 12/28. Suppose -2*b - 3*b = 0. Suppose 0*c + 10 = x + c, b = -5*x + c + g. What is the highest common factor of 8 and x?
8
Let x be (6/(-8))/((-21)/56). What is the greatest common divisor of x and 22?
2
Let h(r) = 5*r**3 - r**2 - 4. Let i be h(2). Suppose -3*j = -2*n - 50, 5*j + 4*n - 3*n = 79. Calculate the greatest common factor of i and j.
16
Suppose -3*j - 3*j = -210. What is the highest common factor of j and 350?
35
Let g(k) = k**3 - 2*k**2 - 1. Let f be g(6). Calculate the highest common divisor of 13 and f.
13
Let b(s) = s**2 + 4*s - 13. Let c be b(-9). Calculate the highest common divisor of 4 and c.
4
Suppose 7*d = 2*d + 5. Let p(y) = 4*y - 3. Let w be p(2). Suppose -u + 5 = -f, -4*f = -w*u + 22 - 1. What is the highest common divisor of u and d?
1
Let k be (8 - 2)*3 + (1 - 2). Suppose 5*u - 174 = s, 4*u + s - 98 = u. Calculate the greatest common divisor of u and k.
17
Let l(y) = 3*y - 11. Let r be l(7). What is the greatest common factor of 50 and r?
10
Let y be (253/(-33))/(1/(-30)). Suppose -5*z + 3*b + y = 4*b, 4*z - 4*b - 160 = 0. Calculate the greatest common factor of 5 and z.
5
Suppose 0 = b - 3*b + 2. Suppose -2*u + 8 = u - f, -2*u + 2 = -4*f. Calculate the greatest common factor of b and u.
1
Suppose n = 2*n - 452. Let v = n - 272. What is the highest common factor of 20 and v?
20
Let y be (45/(-6))/(1/(-10)) + 0. Calculate the greatest common divisor of y and 30.
15
Let y be 130/(-40)*(-1 + -3). What is the greatest common factor of y and 39?
13
Suppose -3*w + 21 = -24. Let l = 48 - -72. What is the greatest common factor of l and w?
15
Let i = 10 + 14. What is the highest common divisor of i and 36?
12
Suppose -3 = -5*r + 2*r. Let p be (r + (0 - 2))*-4. Suppose -p*a = -0*a - 352. What is the greatest common factor of 11 and a?
11
Let w(k) = -k - 4 + 4*k + 4*k + 1. Let r be w(6). Let c be (-2)/(-4) - 102/(-4). Calculate the greatest common divisor of c and r.
13
Let f(o) be the first derivative of o**2/2 + 8*o + 2. Let q be f(7). What is the greatest common divisor of q and 15?
15
Let r = 11 + -5. Suppose t - 4 = -2. Suppose r = t*f - 0*f. What is the greatest common factor of 24 and f?
3
Suppose 2*w + w = 216. Suppose -w = -2*d - 0*d. Calculate the greatest common divisor of d and 24.
12
Let q(r) be the second derivative of -r**4/12 - r**3/6 + 3*r**2 - r. Let l be q(0). Let h be 1/3 + 76/l. Calculate the greatest common factor of 26 and h.
13
Suppose 41 - 116 = -3*s. What is the highest common factor of 200 and s?
25
Let z(a) = -a**3 - 4*a**2 - 5*a - 4. Let k be z(-3). Suppose -1 - 3 = -k*q. Let u be q/((-1)/1)*-4. What is the greatest common factor of 1 and u?
1
Suppose 0*b - 3*b - 3 = 0. Let g = -1 + b. Let u be -2 + 67 + g*1. Calculate the highest common factor of u and 9.
9
Let d be (-2 - -1)/((-3)/135). Suppose -6 = -3*k + 6. Suppose -k*o = -5*o + 18. Calculate the greatest common factor of d and o.
9
Suppose 133 = 5*i - 4*j, 2*i - 4*j + 67 = 5*i. Let k = 51 - 26. What is the highest common factor of k and i?
25
Let r(v) = -98*v + 1. Let b be r(-1). Let x = b + -175. Let o = x - -146. Calculate the highest common divisor of o and 14.
14
Let j be (84/9)/(6/108). Let a = 56 + -35. What is the greatest common factor of j and a?
21
Let j = 69 - -71. Calculate the highest common factor of 20 and j.
20
Suppose -60 = 4*f + 32. Let j = -3 - f. What is the highest common factor of j and 20?
20
Suppose 20 = 2*o - 26. Suppose 2*l - o = -g, l + 0 + 2 = 4*g. Let v be (-240)/(-18)*36/l. Calculate the greatest common factor of 16 and v.
16
Let b be -3 - (-3)/((-6)/(-94))*3. Calculate the highest common factor of b and 6.
6
Let y = 40 - 22. Let w = 13 + -7. What is the greatest common factor of w and y?
6
Suppose 0 = 4*o - 8, 3*o = h - 2*o. What is the highest common divisor of h and 5?
5
Suppose l + 2*l = -4*p + 46, -4*p + 42 = l. Let g be 36/p + 2/5. What is the highest common factor of 20 and g?
4
Let d(f) = -5*f - 28. Let b be d(-10). What is the greatest common divisor of b and 44?
22
Suppose 9*z - 6*z = 57. Suppose y + 5*l = -0*y + z, 63 = 2*y + 5*l. What is the highest common divisor of y and 11?
11
Let f be (4/6)/((-24)/(-36)). Calculate the greatest common divisor of 7 and f.
1
Let s be 52/14 - 2 - (-2)/7. What is the highest common factor of s and 4?
2
Let k = 31 + 43. Suppose -5*t + k = -46. What is the highest common divisor of 8 and t?
8
Let a(g) = -g**3 - 17*g**2 - 23*g + 16. Let c be a(-16). What is the greatest common divisor of 16 and c?
16
Let x be 2/(-7) + (-30)/(-7). Let y be 148*(3 + (-3 - -1)). Suppose -4*j + 168 = x*u, 3*u = -5*j + y - 22. Calculate the highest common factor of u and 28.
14
Let o(n) = -11*n - 20*n + 1 + 66*n**2 + 29*n. Let x be o(1). What is the highest common divisor of 26 and x?
13
Let s = -1 + 9. Let n(v) = 18*v - 8. Let b be n(s). What is the highest common divisor of 17 and b?
17
Let f(h) = -2*h - 12. Let q be f(-8). Suppose -y + 16 - 2 = -4*p, 28 = q*y - 2*p. What is the greatest common divisor of y and 6?
6
Suppose -5*v + 99 = -2*v. Suppose 2 + 31 = 3*j. Calculate the highest common divisor of j and v.
11
Suppose -5*j = -16 + 1. Suppose 4*r - 54 = 2*r - 4*u, 0 = -5*r - 5*u + 150. Calculate the highest common divisor of j and r.
3
Suppose -l + 3*s = l - 43, -3 = 3*s. What is the highest common divisor of 5 and l?
5
Let o(w) = 3*w - 4. Let f be o(3). What is the greatest common divisor of 4 and f?
1
Let b(k) = k**3 - k**2 - 2*k + 99. Let h be b(0). What is the greatest common factor of h and 11?
11
Let v = 10 - 3. Suppose 152 = 15*b - 373. What is the greatest common factor of v and b?
7
Suppose 2*t - 87 = -23. What is the highest common factor of 80 and t?
16
Suppose 2*f - 3*j = -0*f + 31, -2*f = -4*j - 28. Let u = 174 + -14. What is the greatest common divisor of u and f?
20
Let j = 2 - 0. Let p(g) = 2*g**2 + 0*g**j + g**2 + 3*g - 6. Let t be p(-5). Calculate the highest common divisor of 6 and t.
6
Suppose 0*d = -2*d + 10. Suppose -5*z + 48 = 2*o + o, -d*z + 40 = -5*o. Calculate the greatest common factor of 36 and z.
9
Suppose -6*c + 4*c = 4. Let k be c*(-9)/(-6) - -36. What is the greatest common factor of 11 and k?
11
Suppose 2*y = 3 - 1. Let f = 3 + 0. Let b be 3*(y + 13/f). Calculate the greatest common divisor of 64 and b.
16
Let r = 9 - 16. Let o = 11 + r. Suppose 30 = o*f - 2*f. Calculate the greatest common divisor of 120 and f.
15
Let r(n) = 39*n + 7. Let m be r(7). Suppose 0 = -6*z + z + m. Calculate the greatest common divisor of z and 14.
14
Suppose 31 - 3 = 4*h. Suppose 4*j + h*z = 4*z + 65, 3*j - 85 = 5*z. Calculate the greatest common divisor of j and 8.
4
Let a = 24 - 10. Suppose -4*k + 45 + 39 = 0. Calculate the highest common divisor of a and k.
7
Let b be 126/15 + (-2)/5. Let y(d) = d**3 + 4*d**2 + 2*d - 2. Let k be y(-2). Let w be (-3)/6*k*-12. What is the highest common factor of b and w?
4
Su